f 2 - 1 - (-2 - -2)?
1
What is the value of -14 + 2 + (-1 - -9)?
-4
What is the value of -16 + 0 + (-87 - -93)?
-10
What is the value of (10 - (4 - -6)) + -4?
-4
-15 - -18 - (0 - -1)
2
What is -1 + 5 + -2 + (-6 - 0)?
-4
Calculate -12 - -13 - (1 - 0) - 0.
0
What is the value of -2 + (-12 - -5) + 5?
-4
What is the value of -1 + (-2 - (2 - 5)) - -2?
2
What is the value of -1 + 9 + (6 - 8) + -6?
0
Evaluate (-1 - 4) + -20 + 26.
1
What is the value of (3 - 1) + (-72 - -69)?
-1
What is 1 - (1 - (1 + -2)) - -1?
0
What is the value of -83 + 73 + (0 + -1 - -4)?
-7
What is (10 - 5) + 0 + 1 + -4?
2
What is the value of -34 + 26 + -2 + 12?
2
What is 0 + (-5 - -10) - 10 - -6?
1
Evaluate 19 + -13 + 1 + -7.
0
What is -3 + -6 + 15 + -3?
3
What is the value of 4 + (2 - 2) - 9?
-5
What is the value of 4 + (1 - 2 - 1)?
2
Evaluate -10 - (-3 - 2) - -2.
-3
(-16 - -6) + 12 - (1 - 4)
5
-2 + -5 + 11 - 9
-5
9 - (-3 + -3 + 10)
5
1 - (-8 + 3) - (11 - -3)
-8
Evaluate (-5 - -4) + 2 + 2 + -8.
-5
Calculate 1 + 1 + (1 + 7 - 7).
3
(4 + -4 - 9) + 11
2
1 + -3 + 1 + -2 + 3
0
Evaluate 141 - 138 - (1 + 7).
-5
What is the value of 2 + 2 + 1 - (0 - -2)?
3
What is the value of -4 + 2 + -9 + 3 - -5?
-3
What is the value of 2 + (-1 - 1) + 3?
3
What is the value of -34 + 33 + 4 + (0 - -1)?
4
Calculate -2 + (2 - -1 - -2).
3
Evaluate (1 - 1) + -2 + 3.
1
What is (-1 - (-5 + 7)) + -5 + 16?
8
What is 0 - (5 + (3 - 5))?
-3
What is -3 + 1 + (0 - (-5 - -1))?
2
Evaluate 13 + 10 + -22 + 6.
7
Evaluate 4 + -10 + 6 - (2 - 6).
4
-2 - (-6 + (0 - -4))
0
What is the value of 2 + -8 - -10 - 1?
3
What is the value of -6 + 1 + (3 - 0)?
-2
Calculate -4 + (-5 - -17 - 3).
5
What is -45 + 39 + 1 + -3?
-8
-3 - ((3 - 9) + 0)
3
What is (-6 - (-1 - 2 - 4)) + -6?
-5
Calculate -5 - (-7 + (-2 - (-5 + 9))).
8
Evaluate 4 - (3 + 6 + -4).
-1
Evaluate 2 + 6 + -9 + 8.
7
What is the value of (-4 - (-4 + 1 + -3)) + 2?
4
What is (-1 - 1 - -4) + -4 + 3?
1
What is (-10 + 2 - -5) + -5?
-8
What is 10 - 7 - 9 - -12?
6
What is the value of 0 + -8 + (-13 + 6 - -13)?
-2
What is 8 - ((-6 - -7) + 1 - 1)?
7
What is the value of 10 + -5 + 4 - 11?
-2
What is the value of (12 - 3) + 6 + (-7 - 5)?
3
Evaluate 21 + -2 + -5 + -25.
-11
What is the value of -5 - -1 - (0 + -1)?
-3
What is the value of -3 - (-5 + -5) - 0?
7
Calculate -2 - -5 - 2 - (-2 + 4).
-1
3 + (0 - -4) + -3
4
-4 + 7 + -2 + 3
4
-1 + -1 + -3 + -7 + 9
-3
What is the value of (-4 + 6 - -2) + -4?
0
Calculate -5 + (7 - 1 - -5 - 3).
3
What is 2 + 10 + (-2 - 0)?
10
1 + -10 + 6 + -7 + 5
-5
What is the value of 0 + 0 + -1 + -2 + 7?
4
-17 + 11 + -5 - -5
-6
What is -6 + 5 + -7 + 3?
-5
Evaluate 1 + (-4 + 2 - -2).
1
What is 6 + -10 + 4 - -2?
2
(34 - 25) + -16 + 4
-3
Evaluate 5 + 1 + -3 - 9 - -1.
-5
What is the value of -2 + 7 - (8 - 9) - 2?
4
Calculate -3 + 1 + (-6 - -10 - 3).
-1
What is the value of 1 - -8 - (-12 + 13 + 2)?
6
What is 34 + -36 + (-1 + 0 - -4)?
1
Calculate 5 + -1 - (-34 + 40).
-2
(1 - -3) + -6 + (4 - 1)
1
-3 + -3 + 1 + 7
2
Calculate -4 - (-7 - (1 - (9 + -2))).
-3
Evaluate -5 - (-6 - (3 + -2 + 2)).
4
Calculate -1 + (-5 - -3) - -4.
1
Calculate -1 + 1 + -4 + -2 + 12.
6
1 + (5 - 5) - 1
0
Calculate (5 - 14) + 3 - -7.
1
Evaluate 3 - (6 + -4 - 3).
4
-2 - 0 - (-5 - (-11 + 5))
-3
What is -4 + (4 - (5 + -2))?
-3
What is the value of 4 + -4 + 4 - (-8 + 8)?
4
Calculate 2 - 0 - (-5 - -1) - 4.
2
Calculate 4 + -8 + 3 + 6.
5
What is (0 - 2) + -5 - (20 + -22)?
-5
What is the value of -1 + 1 - (2 + -1)?
-1
Evaluate 3 + -5 + 14 + -6.
6
Evaluate (4 - 1) + -9 + 6 + -4.
-4
What is 1 - (-6 - (-6 - 2))?
-1
What is -4 + 1 - (2 + (-5 - -1))?
-1
What is -5 + (-1 - -4 - -2)?
0
What is the value of 5 + (5 - (10 - 0))?
0
Calculate 4 + (-10 + 6 - (8 + -2)).
-6
Evaluate 3 - (1 + -6 - -4).
4
Evaluate -3 + -2 + 3 - -2.
0
What is the value of 7 + -1 + (2 - -9 - 15)?
2
What is 9 + 0 - (4 + 0) - 9?
-4
What is the value of 0 + -8 + (77 - 70)?
-1
7 + -7 - (1 + (-1 - 1))
1
What is 2 - (-1 + 3) - -4?
4
What is the value of (-4 + 8 - 7) + 4?
1
Evaluate -1 + 2 + 3 - 1.
3
What is the value of -3 - (4 - 6) - -2 - 0?
1
What is -1 + -4 + 2 + 3?
0
Calculate (-8 + -4 - -3) + 12.
3
What is the value of 3 + -1 - (3 + (-4 - 1))?
4
Evaluate 5 - (-1 + 1 + 1).
4
Calculate 9 + -8 - (3 + 6).
-8
Calculate (15 - 7) + -6 - 1.
1
What is the value of -7 + (23 - 6) + -3?
7
Evaluate -9 + -3 + 3 - -4.
-5
What is the value of 1 - 3 - (-4 + -5 + 4)?
3
What is 2 + -1 + -2 + (5 - 9)?
-5
What is 0 + (-2 - -3 - 2) - 1?
-2
Calculate 0 + (5 - 3 - -3).
5
What is -2 + 7 - (8 - 3)?
0
What is (4 - -13) + -11 - -2?
8
Evaluate -2 - (-1 + (5 - (5 + -3))).
-4
-73 + 79 + 0 + -3
3
Calculate -2 - 2 - (-10 - -3).
3
What is 1 - 4 - -4 - 5?
-4
What is the value of -6 + (1 - 2 - (-39 - -28))?
4
Evaluate -2 + 5 + -1 - 3.
-1
7 + -10 + 8 - (4 + 1)
0
What is the value of (1 - (2 + 8)) + 5 + -1?
-5
Evaluate 3 - (11 + -7) - -1 - -4.
4
Evaluate 0 + (6 - 0 - (-34 - -40)).
0
What is the value of 1 - (-3 + -4 + 13 - 7)?
2
Evaluate -1 - ((-4 - -3) + 0 + -4).
4
Evaluate 0 - (2 + 1 + -1 + -1).
-1
Evaluate -3 + -1 - (-3 - 1).
0
Calculate -35 + 29 - (-2 - (13 - 0)).
9
Evaluate -5 - (-4 - -5) - -9.
3
What is the value of 2 - (1 - 7) - 1 - 4?
3
Calculate 4 + (4 - (3 + (-4 - -6))).
3
Calculate -4 + (4 - 1) + (7 - 4).
2
What is the value of 6 + (6 - 11) + 0 + -2?
-1
Calculate 6 - (6 + 3) - (5 + -15).
7
1 + -2 - (17 + -20)
2
What is the value of (9 + -7 - (1 - 0)) + -1?
0
Evaluate (-8 + 5 - (-1 + -7)) + -2.
3
Evaluate -5 + 6 + 3 - 0.
4
Calculate -2 + -6 + -1 + 4.
-5
Evaluate 2 + 5 + -3 + 1.
5
Calculate -1 - 0 - (-1 + 1 - -2).
-3
Calculate (1 + -2 - -15) + 160 + -168.
6
2 - 0 - (2 + -5 + 3)
2
What is 4 - 9 - (-10 + 3)?
2
What is the value of 84 + -78 - (15 - 1)?
-8
Evaluate 14 + (4 - 11) - 0.
7
What is -2 + 2 + -1 - (-9 - -5)?
3
-2 + (2 - 2) - (-1 - -3)
-4
Evaluate 3 + -1 + 1 - -2.
5
Calculate 7 - (-6 - (-15 - (8 - 7))).
-3
What is 3 + (-11 - (-3 - 1)) + 0?
-4
What is -32 + 28 + (0 - -4) + 2?
2
What is -4 + 1 + (-6 - -8)?
-1
What is 5 + (6 - 10) + 3 + 0?
4
What is the value of -3 - (-1 + -1 - -1) - -2?
0
What is the value of (1 - -1) + -7 + (9 - 7)?
-3
Evaluate (-2 + 2 + 5 - 8) + 5.
2
Calculate (2 + -13 - 0) + 6.
-5
4 - (3 + (-3 - 0))
4
What is (-3 - (-8 - -1)) + -8?
-4
4 + (4 - (5 + -2))
5
Calculate -5 + 4 + 1 + -5 + 5.
0
Evaluate 2 + 2 + 0 + (1 - 4).
1
(-1 - -2) + -4 - 1
-4
Evaluate -2 - -1 - (-1 + 4 + -8).
4
Evaluate 6 - (12 - (-10 + 15)).
-1
(4 - (-4 - (-4 + 5))) + -6
3
Calculate -7 + (-5 - (-26 + 8)).
6
Evaluate 14 + -1 + -53 + 45.
5
What is 7 + 2 + -1 + -4?
4
Calculate -22 + 23 - (-1 + 0).
2
Calculate -6 - ((-6 - 1) + 4).
-3
What is 2 - 0 - (1 + (5 - 0))?
-4
2 + 4 + (1 + -3 - -1)
5
4 + -5 - (5 + -1)
-5
What is -12 - (2 - -3 - 12)?
-5
Evaluate (-1 - 0) + 0 - (3 + 0).
-4
Calculate -8 + 7 + (0 - -6).
5
Calculate -26 + 15 + (7 - 0) - 2.
-6
Calculate (-6 - 6) + (-17 - -31).
2
Calculate -1 + 0 - (49 + -48).
-2
What is the value of (4 - 7) + -6 - -4?
-5
3 + 0 + (-1 + -5 - -5)
2
Evaluate 5 - (6 + -5) - 3.
1
Evaluate 1 - 5 - (0 + -4).
0
What is the value of 8 + -6 - (8 - 3)?
-3
((-5 - 1) + -1 - -3) + 0
-4
Evaluate (8 + 2 + -7 - 0) + -6.
-3
What is the value of 2 - 2 - (-1 - (6 + -4))?
3
What is the value of -2 + 2 + (-22 - -13)?
-9
(0 - -3) + -2 + -10 + 8
-1
What is the value of -3 + (7 + -13 - -6)?
-3
Calculate -18 - (2 - (2 + 9)).
-9
0 + 3 + (-6 - 2)
-5
8 - (-4 + 1 + -1 + 7)
5
What is the value of -8 - (-6 - (-4 - -1))?
-5
What is (-1 - 2) + (28 - 28)?
-3
Calculate 5 - (6 + (-6 - -5) + -1).
1
What is the value of -1 - (-7 + 8 - -1)?
-3
What is 14 - (11 + 0 - 1)?
4
Calculate 2 + (0 - (-2 - (-2 + -1))).
1
What is the value of (-7 - (-4 + 2)) + 5 - -1?
1
(12 - 0) + -5 + 2 + -5
4
What is the value of -5 - (-5 + 3 - 0 - 2)?
-1
What is the value of -11 - ((6 - -1) + -14)?
-4
Evaluate -5 + (-7 - -10) + 3 + 0.
1
Calculate -7 + 8 - (-4 + 0 - -2).
3
2 + -1 + (-10 - -10)
1
Evaluate 6 + 0 + -2 + -2.
2
Evaluate 2 - -3 - (4 - 2).
3
What is the value of -2 - (2 - (5 + -4))?
-3
-1 + (11 - -1) - 8
3
Calculate 2 + -2 + 2 + 2.
4
Evaluate 0 - (1 + -3 + 5).
-3
Evaluate -1 + (0 - (-4 + 1)).
2
11 - 11 - -2 - (2 + -4)
4
Calculate 1 - (0 + -3 + 6).
-2
Evaluate (-4 - (-3 - 2)) + (16 - 16).
1
What is 0 + 7 + 0 - 4?
3
What is the value of -2 + 5 + -5 + -4?
-6
Calculate -3 + -6 + -8 + 16.
-1
Evaluate 5 - (4 